{"id":19160,"date":"2023-05-12T11:33:40","date_gmt":"2023-05-12T09:33:40","guid":{"rendered":"https:\/\/ostomaz.splet.arnes.si\/?page_id=19160"},"modified":"2025-09-17T18:52:15","modified_gmt":"2025-09-17T16:52:15","slug":"izbirni-predmeti-2023-2024","status":"publish","type":"page","link":"https:\/\/ostomaz.splet.arnes.si\/?page_id=19160","title":{"rendered":"Izbirni predmeti v devetletni osnovni \u0161oli"},"content":{"rendered":"<p><strong>IZBIRNI PREDMETI<\/strong><\/p>\n<p>Izbirni predmeti so na\u010din prilagajanja osnovne \u0161ole individualnim razlikam in interesom u\u010dencev. So prilo\u017enost, da u\u010denci ob lastni izbiri teh predmetov poudarijo in razvijajo svoje mo\u010dne strani in sposobnosti ter se pri njih doka\u017eejo. U\u010denci se lahko odlo\u010dajo za dolo\u010den izbirni predmet tudi z vidika nameravanega nadaljnjega \u0161olanja.<\/p>\n<p><strong>NEOBVEZNI IZBIRNI PREDMETI<\/strong><\/p>\n<p>Neobvezni izbirni predmeti so del raz\u0161irjenega programa osnovne \u0161ole, v katerega se u\u010denci vklju\u010dujejo prostovoljno.<\/p>\n<p>\u0160ola za u\u010dence 4., 5. in 6. razreda ponuja pouk naslednjih neobveznih izbirnih predmetov:<\/p>\n<ul>\n<li>umetnost<\/li>\n<li>ra\u010dunalni\u0161tvo<\/li>\n<li>\u0161port<\/li>\n<\/ul>\n<p>Za u\u010dence 7., 8. in 9. razreda pa se izvaja pouk drugega tujega jezika (nem\u0161\u010dina, franco\u0161\u010dina, italijan\u0161\u010dina, hrva\u0161\u010dina, mad\u017ear\u0161\u010dina) kot neobvezni izbirni predmet.<\/p>\n<p>Neobvezni izbirni predmeti omogo\u010dajo u\u010dencu, da lahko obiskuje pouk tistega predmeta, ki ga izbere glede na svoje \u017eelje oz. sposobnosti.<\/p>\n<p>Seveda pa se u\u010denec v soglasju s star\u0161i lahko odlo\u010di, da ne bo obiskoval nobenega neobveznega izbirnega predmeta.<\/p>\n<p><strong>OBVEZNI IZBIRNI PREDMETI<\/strong><\/p>\n<p>Obvezni izbirni predmeti so vklju\u010deni v predmetnik tretjega vzgojno-izobra\u017eevalnega obdobja, torej v 7., 8. in 9. razred.&nbsp;<\/p>\n<p><strong>Kaj u\u010denec izbira?<\/strong><\/p>\n<p>U\u010denec izbere 2 uri obveznih izbirnih predmetov, lahko pa tudi 3, \u010de s tem sogla\u0161ajo njegovi star\u0161i.<\/p>\n<p><strong>Potek pouka izbirnih predmetov in ocenjevanje<\/strong><\/p>\n<ul>\n<li>Pouk izbirnega predmeta je na urniku eno uro na teden, razen izbirnega tujega jezika, ki je na urniku dve uri na teden. Nekatere vsebine (npr. turizem) lahko te\u010dejo izjemoma tudi strnjeno izven rednega urnika (ogledi, izleti &#8230;). Obisk pouka izbirnih predmetov je obvezen, predmeti se ocenjujejo s \u0161tevil\u010dnimi ocenami od 1 do 5.<\/li>\n<li>\u010ce je u\u010denec izbral dva izbirna predmeta, bosta ocenjena oba in obe oceni vpisani v spri\u010devalo. \u010ce je u\u010denec izbral tri predmete, bodo prav tako ocenjeni vsi trije, vse tri ocene bodo vpisane v spri\u010devalo. U\u010denec napreduje v naslednji razred le v primeru, da ima vse predmete, torej tudi izbirne, ocenjene s pozitivno oceno.<\/li>\n<\/ul>\n<p><strong>Oprostitev sodelovanja pri izbirnih predmetih<\/strong><\/p>\n<ul>\n<li>U\u010denec 7., 8. in 9. razreda, ki obiskuje glasbeno \u0161olo z javno veljavnim programom (v na\u0161em primeru je to Glasbena \u0161ola Ormo\u017e), je na predlog star\u0161ev lahko opro\u0161\u010den sodelovanja pri izbirnih predmetih. O oprostitvi odlo\u010di ravnatelj.<\/li>\n<li>Star\u0161i posredujejo pisno vlogo, ki ji prilo\u017eijo potrdilo o vpisu v glasbeno \u0161olo. V vlogi se zapi\u0161e, ali \u017eelijo, da je u\u010denec opro\u0161\u010den pouka izbirnih predmetov v celoti ali le v eni uri tedensko. V primeru naknadnega vpisa v glasbeno \u0161olo star\u0161i posredujejo vlogo najkasneje do 31. avgusta.<\/li>\n<\/ul>\n<p><strong>Obvezni izbirni predmeti<\/strong><\/p>\n<p><em>Izbirni predmeti spadajo v obvezni program predmetnika osnovne \u0161ole. Izbirni predmeti so del programa v tretjem vzgojno izobra\u017eevalnem obdobju. U\u010denci izbirajo izbirne predmete na podlagi lastnega interesa, svetovanja strokovnih delavcev in v dogovoru s star\u0161i. Izbirni predmeti se lahko izvajajo v strnjeni obliki. <\/em><\/p>\n<p><em>U\u010denci izbirajo 2 ali 3 ure izbirnih predmetov iz katerihkoli predmetnih podro\u010dij. V skladu s \u0161tevilom u\u010dencev \u0161ola lahko oblikuje 9 skupin izbirnih predmetov. Skupine izbirnih predmetov za to \u0161olsko leto so zbrane v tabeli 4. Po vsebini trije izbirni predmeti pokrivajo podro\u010dje \u0161porta, po dva podro\u010dje ra\u010dunalni\u0161tva in umetnosti ter&nbsp; po eden tehni\u010dno in kulinari\u010dno podro\u010dje.<\/em><\/p>\n<p>U\u010denci morajo izbrati dve uri izbirnih predmetov, lahko pa tudi tri ure. Izbor izbirnih predmetov po \u0161tevilu ur po posameznih razredih prikazuje tabela 5.&nbsp; 89 % u\u010dencev 3. VIO si je izbralo 2 uri izbirnih predmetov, kar pomeni dva izbirna predmeta. U\u010denec, ki se vzporedno izobra\u017euje v drugem javno veljavnem programu, je lahko opro\u0161\u010den obiskovanja izbirnih predmetov. Ta mo\u017enost se v tem \u0161olskem letu ne koristi.<\/p>\n<p><strong>Neobvezni izbirni predmeti<\/strong><\/p>\n<p>V drugem vzgojno izobra\u017eevalnem obdobju so lahko u\u010denci in njihovi star\u0161i izbirali med naslednjimi neobveznimi izbirnimi predmeti: umetnost, ra\u010dunalni\u0161tvo, nem\u0161\u010dina in \u0161port. V tretjem vzgojno izobra\u017eevalnem obdobju so lahko u\u010denci izbrali tuji jezik nem\u0161\u010dino. Po interesu u\u010dencev smo v drugem vzgojno izobra\u017eevalnem obdobju oblikovali 3 skupine, v tretjem vzgojno izobra\u017eevalnem obdobju pa eno skupino neobveznih izbirnih predmetov. &nbsp;Od leto\u0161njega \u0161olskega leta se v prvem razredu ve\u010d ne &nbsp;izvaja pouk neobveznega izbirnega predmeta angle\u0161\u010dina. Angle\u0161\u010dina je postala del obveznega predmetnika v obsegu dveh ur. Podroben prikaz neobveznih izbirnih predmetov se nahaja v tabeli.<\/p>\n","protected":false},"excerpt":{"rendered":"<p>IZBIRNI PREDMETI Izbirni predmeti so [&hellip;]<\/p>\n","protected":false},"author":735,"featured_media":0,"parent":0,"menu_order":0,"comment_status":"closed","ping_status":"closed","template":"","meta":{"ngg_post_thumbnail":0,"footnotes":""},"class_list":["post-19160","page","type-page","status-publish","hentry"],"_links":{"self":[{"href":"https:\/\/ostomaz.splet.arnes.si\/index.php?rest_route=\/wp\/v2\/pages\/19160","targetHints":{"allow":["GET"]}}],"collection":[{"href":"https:\/\/ostomaz.splet.arnes.si\/index.php?rest_route=\/wp\/v2\/pages"}],"about":[{"href":"https:\/\/ostomaz.splet.arnes.si\/index.php?rest_route=\/wp\/v2\/types\/page"}],"author":[{"embeddable":true,"href":"https:\/\/ostomaz.splet.arnes.si\/index.php?rest_route=\/wp\/v2\/users\/735"}],"replies":[{"embeddable":true,"href":"https:\/\/ostomaz.splet.arnes.si\/index.php?rest_route=%2Fwp%2Fv2%2Fcomments&post=19160"}],"version-history":[{"count":9,"href":"https:\/\/ostomaz.splet.arnes.si\/index.php?rest_route=\/wp\/v2\/pages\/19160\/revisions"}],"predecessor-version":[{"id":23042,"href":"https:\/\/ostomaz.splet.arnes.si\/index.php?rest_route=\/wp\/v2\/pages\/19160\/revisions\/23042"}],"wp:attachment":[{"href":"https:\/\/ostomaz.splet.arnes.si\/index.php?rest_route=%2Fwp%2Fv2%2Fmedia&parent=19160"}],"curies":[{"name":"wp","href":"https:\/\/api.w.org\/{rel}","templated":true}]}}