{"id":2411,"date":"2015-08-25T21:12:48","date_gmt":"2015-08-25T19:12:48","guid":{"rendered":"http:\/\/ostomaz.splet.arnes.si\/?page_id=2411"},"modified":"2025-08-29T07:43:05","modified_gmt":"2025-08-29T05:43:05","slug":"izbirne-vsebine","status":"publish","type":"page","link":"https:\/\/ostomaz.splet.arnes.si\/?page_id=2411","title":{"rendered":"Izbirne vsebine"},"content":{"rendered":"<p class=\"p\" style=\"text-align: justify\">Izbirni predmeti 2025\/26 na na\u0161i \u0161oli<\/p>\n<p class=\"p\" style=\"text-align: justify\"><span style=\"color: #0000ff\"><em><strong>Kaj so izbirni predmeti<\/strong><\/em><\/span><\/p>\n<p class=\"p\" style=\"text-align: justify\">Izbirni predmeti so na\u010din prilagajanja osnovne \u0161ole individualnim razlikam in interesom u\u010dencev. So prilo\u017enost, da u\u010denci ob lastni izbiri teh predmetov poudarijo in razvijajo svoje mo\u010dne strani in sposobnosti ter se pri njih doka\u017eejo. U\u010denci se lahko odlo\u010dajo za dolo\u010den izbirni predmet tudi z vidika nameravanega nadaljnjega \u0161olanja.<\/p>\n<p class=\"p\" style=\"text-align: justify\">&nbsp;Izbirni predmeti so vklju\u010deni v predmetnik tretjega vzgojno-izobra\u017eevalnega obdobja, torej v 7., 8. in 9. razred. \u0160ola mora ponuditi pouk najmanj treh izbirnih predmetov iz dru\u017eboslovno-humanisti\u010dnega sklopa in najmanj treh iz naravoslovno-tehni\u010dnega sklopa. V okviru dru\u017eboslovno-humanisti\u010dnega sklopa mora \u0161ola ponuditi pouk tujega jezika, nekonfesionalni pouk o verstvih in etiki ter pouk retorike.<\/p>\n<p><span style=\"color: #0000ff\"><em><strong>Kaj u\u010denec izbira?<\/strong><\/em><\/span><\/p>\n<p class=\"p\" style=\"text-align: justify\">U\u010denec izbere 2 uri izbirnih predmetov, lahko pa tudi 3, \u010de s tem sogla\u0161ajo njegovi star\u0161i.<\/p>\n<p class=\"p\" style=\"text-align: justify\">&nbsp;U\u010denec ima mo\u017enost naslednje izbire in kombinacije:<\/p>\n<ul class=\"li\" style=\"text-align: justify\">\n<li>\n<p class=\"li\">&nbsp;v primeru, da se u\u010denec odlo\u010di za dve uri tedensko, ima mo\u017enost, da izbere dva enourna predmeta ali enega, ki traja 2 uri (tuji jezik je edini izbirni predmet, ki traja dve uri tedensko);<\/p>\n<\/li>\n<li>\n<p class=\"li\">&nbsp;v primeru, da se v soglasju s star\u0161i odlo\u010di za tri ure tedensko, pa ima mo\u017enost izbire v naslednjih kombinacijah \u2013 3 predmete, \u010de so enourni, oz. 2 predmeta, \u010de je eden izmed predmetov dvourni in en enourni.<\/p>\n<\/li>\n<\/ul>\n<p class=\"p\" style=\"text-align: justify\">U\u010dencem ni ve\u010d potrebno izbirati predmetov iz obeh sklopov (vsi izbrani izbirni predmeti so lahko iz istega sklopa).<\/p>\n<p><span style=\"color: #0000ff\"><em><strong>Potek pouka in ocenjevanje<\/strong><\/em><\/span><\/p>\n<p class=\"p\" style=\"text-align: justify\">Pouk izbirnega predmeta je na urniku eno uro na teden, razen izbirnega tujega jezika, ki je na urniku dve uri na teden. . Obisk pouka izbirnih predmetov je obvezen, predmeti se ocenjujejo s \u0161tevil\u010dnimi ocenami od 1 do 5.&nbsp; \u010ce je u\u010denec izbral dva izbirna predmeta, bosta ocenjena oba in obe oceni vpisani v spri\u010devalo. \u010ce je u\u010denec izbral tri predmete, bodo prav tako ocenjeni vsi trije, vse tri ocene bodo vpisane v spri\u010devalo. U\u010denec napreduje v naslednji razred le v primeru, da ima vse predmete, torej tudi izbirne, ocenjene s pozitivno oceno.<\/p>\n<p class=\"p\" style=\"text-align: justify\"><span style=\"color: #0000ff\"><em><strong>Oprostitev sodelovanja pri izbirnih predmetih<\/strong><\/em><\/span><\/p>\n<p class=\"p\">U\u010denec 7., 8. in 9. razreda, ki obiskuje glasbeno \u0161olo z javno veljavnim programom (v na\u0161em primeru je to Glasbena \u0161ola ), je na predlog star\u0161ev lahko opro\u0161\u010den sodelovanja pri izbirnih predmetih. O oprostitvi odlo\u010di ravnatelj. Star\u0161i posredujejo pisno vlogo, ki ji prilo\u017eijo potrdilo o vpisu v glasbeno \u0161olo. V vlogi se zapi\u0161e, ali \u017eelijo, da je u\u010denec opro\u0161\u010den pouka izbirnih predmetov v celoti ali le v eni uri tedensko. V primeru naknadnega vpisa v glasbeno \u0161olo star\u0161i posredujejo vlogo najkasneje do 31. avgusta.<\/p>\n<p class=\"p\"><span style=\"color: #0000ff\"><em><strong>Zamenjava izbirnega predmeta<\/strong><\/em><\/span><\/p>\n<p class=\"p\" style=\"text-align: justify\"><span style=\"color: #000000\"><span lang=\"SL\">U\u010denci se v skupine izbirnih predmetov razvrstijo do za\u010detka novega \u0161olskega leta. V septembru&nbsp; lahko skupino \u0161e zamenjajo, vendar le pod pogojem, da je v skupini, kamor \u017eelijo, \u0161e prostor, in da se urnik nove skupine sklada z urnikom u\u010denca. Od oktobra dalje prestopi niso ve\u010d mo\u017eni.<\/span><\/span><\/p>\n<p class=\"p\" style=\"text-align: justify\"><strong>Obvezni izbirni predmeti v \u0161olskem letu 2025\/256od 7. do 9. razreda:<\/strong><\/p>\n<p>U\u010denci morajo izbrati dve uri izbirnih predmetov, lahko pa tudi tri ure. Izbor izbirnih predmetov po \u0161tevilu ur po posameznih razredih prikazuje tabela 5. Nekoliko manj kot 80 % u\u010dencev 3. VIO si je izbralo 2 uri izbirnih predmetov, kar pomeni dva izbirna predmeta. U\u010denec, ki se vzporedno izobra\u017euje v drugem javno veljavnem programu, je lahko opro\u0161\u010den obiskovanja izbirnih predmetov. U\u010denec 8.r je opro\u0161\u010den obiska 1 ure izbirnega predmeta.<\/p>\n<p class=\"p\"><strong>Neobvezni izbirni predmeti v \u0161olskem letu 2025\/26 od 7. do 9. razreda:<\/strong><\/p>\n<p>V drugem vzgojno izobra\u017eevalnem obdobju so lahko u\u010denci in njihovi star\u0161i izbirali med naslednjimi neobveznimi izbirnimi predmeti: umetnost, ra\u010dunalni\u0161tvo, nem\u0161\u010dina in \u0161port. V tretjem vzgojno izobra\u017eevalnem obdobju so lahko u\u010denci izbrali tuji jezik nem\u0161\u010dino. Po interesu u\u010dencev smo v drugem vzgojno izobra\u017eevalnem obdobju oblikovali 2 skupini, v tretjem vzgojno izobra\u017eevalnem obdobju pa eno skupino neobveznih izbirnih predmetov, \u010deprav bi jih po \u0161tevilu u\u010dencev lahko dve, vendar je bil interes pri u\u010dencih manj\u0161i. V prvem razredu se izvaja pouk neobveznega izbirnega predmeta angle\u0161\u010dina. Podroben prikaz neobveznih izbirnih predmetov se nahaja v tabeli 7.<\/p>\n<h3><a name=\"_Toc180053755\"><\/a><a name=\"_Toc178021239\"><\/a>NEOBVEZNI IZBIRNI PREDMETI<\/h3>\n<p>V drugem vzgojno izobra\u017eevalnem obdobju so lahko u\u010denci in njihovi star\u0161i izbirali med naslednjimi neobveznimi izbirnimi predmeti: umetnost, ra\u010dunalni\u0161tvo, nem\u0161\u010dina in \u0161port. V tretjem vzgojno izobra\u017eevalnem obdobju so lahko u\u010denci izbrali tuji jezik nem\u0161\u010dino. Po interesu u\u010dencev smo v drugem vzgojno izobra\u017eevalnem obdobju oblikovali 3 skupine, v tretjem vzgojno izobra\u017eevalnem obdobju pa eno skupino neobveznih izbirnih predmetov. &nbsp;Od leto\u0161njega \u0161olskega leta se v prvem razredu ve\u010d ne &nbsp;izvaja pouk neobveznega izbirnega predmeta angle\u0161\u010dina. Angle\u0161\u010dina je postala del obveznega predmetnika v obsegu dveh ur. Podroben prikaz neobveznih izbirnih predmetov se nahaja v tabeli.<\/p>\n","protected":false},"excerpt":{"rendered":"<p>Izbirni predmeti 2025\/26 na na\u0161i [&hellip;]<\/p>\n","protected":false},"author":735,"featured_media":1042,"parent":2045,"menu_order":0,"comment_status":"closed","ping_status":"open","template":"","meta":{"ngg_post_thumbnail":0,"footnotes":""},"class_list":["post-2411","page","type-page","status-publish","has-post-thumbnail","hentry"],"_links":{"self":[{"href":"https:\/\/ostomaz.splet.arnes.si\/index.php?rest_route=\/wp\/v2\/pages\/2411","targetHints":{"allow":["GET"]}}],"collection":[{"href":"https:\/\/ostomaz.splet.arnes.si\/index.php?rest_route=\/wp\/v2\/pages"}],"about":[{"href":"https:\/\/ostomaz.splet.arnes.si\/index.php?rest_route=\/wp\/v2\/types\/page"}],"author":[{"embeddable":true,"href":"https:\/\/ostomaz.splet.arnes.si\/index.php?rest_route=\/wp\/v2\/users\/735"}],"replies":[{"embeddable":true,"href":"https:\/\/ostomaz.splet.arnes.si\/index.php?rest_route=%2Fwp%2Fv2%2Fcomments&post=2411"}],"version-history":[{"count":15,"href":"https:\/\/ostomaz.splet.arnes.si\/index.php?rest_route=\/wp\/v2\/pages\/2411\/revisions"}],"predecessor-version":[{"id":22874,"href":"https:\/\/ostomaz.splet.arnes.si\/index.php?rest_route=\/wp\/v2\/pages\/2411\/revisions\/22874"}],"up":[{"embeddable":true,"href":"https:\/\/ostomaz.splet.arnes.si\/index.php?rest_route=\/wp\/v2\/pages\/2045"}],"wp:featuredmedia":[{"embeddable":true,"href":"https:\/\/ostomaz.splet.arnes.si\/index.php?rest_route=\/wp\/v2\/media\/1042"}],"wp:attachment":[{"href":"https:\/\/ostomaz.splet.arnes.si\/index.php?rest_route=%2Fwp%2Fv2%2Fmedia&parent=2411"}],"curies":[{"name":"wp","href":"https:\/\/api.w.org\/{rel}","templated":true}]}}